1, q - x = 2*n. What is the units digit of k(n)?
4
Suppose -2*g - 8*g + 10 = 0. Suppose -g = 8*o - 9*o. What is the units digit of ((-52)/(-12) - o)*51?
0
Let d be (62 - (9 - 5))/1. Let w = 7 + -3. Suppose d = w*s - 94. What is the units digit of s?
8
Suppose -5*v + d - 4*d - 1729 = 0, 0 = -5*v + 4*d - 1708. Let h = v - -920. Suppose -2*j - h = -5*j. What is the units digit of j?
2
Suppose -20*k + 15231 = 1231. What is the units digit of k?
0
Suppose 0 = -18*z - 97*z + 311880. What is the tens digit of z?
1
What is the units digit of (4643 - 8 - -13) + -7?
1
What is the tens digit of 14*(-13)/(-182)*(8693 - 0)?
9
Let l be (18/27)/((-2)/(-11367)). Suppose l = -14*i - 5941. Let h = -489 - i. What is the hundreds digit of h?
2
Let t(q) = -2*q**2 - 19*q - 14. Let l be t(-8). What is the hundreds digit of (-4)/l + 3/10*998?
2
What is the thousands digit of (975/(-78))/(2/(-276))?
1
Suppose 203*b - 1079413 = 60*b + 72*b. What is the hundreds digit of b?
2
Let s(k) = 1928*k - 123. What is the ten thousands digit of s(10)?
1
Let v be 9 - ((-6)/3 - -3). Let t be 12/(-48) + 34/v. Suppose -t*y + 129 = -y. What is the tens digit of y?
4
Suppose 2*y = 4*y + 5*k + 27, 3 = y - 3*k. Suppose 0*v - 31 = v + 2*q, 5*q - 60 = 3*v. What is the units digit of (-51)/(v/28 + y/(-42))?
8
Suppose 5*t - 269480 = -5*a, -6*a + 4*a + 4 = 0. What is the hundreds digit of t?
8
What is the tens digit of 190758/21 - 18/(-14)?
8
Let h(a) be the second derivative of a**4/6 - 5*a**3/3 + 35*a**2/2 + a - 4. What is the hundreds digit of h(-11)?
3
Suppose 3277 = q + 5*w, -16343 = -78*q + 73*q - 4*w. What is the tens digit of q?
6
Let o(z) = -57*z**3 + 2*z + 2. Let u be o(-1). What is the tens digit of (-3)/((-3)/2) + u + 1?
6
Let v(k) = -2*k**2 - 29*k + 6. Suppose 0 = 8*r + 92 + 20. Let z be v(r). Suppose -3*o - z = -26. What is the units digit of o?
2
Suppose 5812 = 14*d - 24601 - 22759. What is the tens digit of d?
9
Let v = -8882 + 16076. What is the tens digit of v?
9
Let p(i) = -2*i**3 + 27*i**2 - 5*i + 21. Let k = -540 - -553. What is the units digit of p(k)?
5
Suppose -441 = -49*k + 42*k. What is the units digit of (-18)/k + -8*(-163)/7?
6
Suppose 0 = -33*j - 178 - 53. Let c(k) = 18*k**2 + 40*k + 328. What is the units digit of c(j)?
0
Suppose -4*g - 16*u + 13*u + 55 = 0, 0 = -5*g - 5*u + 75. What is the thousands digit of (g - -6)*(108 - -6)?
1
Let r(q) = -2*q**3 + q. Let a be r(-1). Let z be -7 - -7 - 3/a. What is the units digit of (344/32)/(z/(-12))?
3
Suppose -40*p - 90*p + 2410330 = 0. What is the tens digit of p?
4
Let k(y) = -y**2 - 3*y + 5. Let z be k(2). Let v be (227 - -2)*(4 + 0 + z). What is the hundreds digit of v/(4/4*(0 - 1))?
2
Let x be 3/1*(-4 - 80/(-12)). Suppose -x*n = -9*n + 200. Suppose -185 = -2*k - l, -2*k + n = 2*l + 2*l. What is the tens digit of k?
9
Let h(v) = -14971*v - 5638. What is the tens digit of h(-5)?
1
Let b(a) = -a**3 + 14*a**2 + 11*a + 66. Let o be b(15). Let n(p) = 3*p**3 - 8*p**2 + 9*p - 35. What is the hundreds digit of n(o)?
3
Let t(f) = f**3 - f**2 + 2*f. Let g be t(1). Suppose g*r = 2, -2*l - 2*r = 95 - 551. What is the hundreds digit of l?
2
Let a(t) = t**3 + 13*t**2 + 21*t - 13. Suppose 0 = 5*y - 15, 4*y - 2*y - 181 = -5*s. Suppose 5 = -4*x - s. What is the units digit of a(x)?
7
Let f be (-5)/(65/(-2)) + (-232)/(-13). Let q(d) = 2*d**3 - 37*d**2 + 41*d - 21. What is the tens digit of q(f)?
9
Let a = -1981 + 5076. What is the units digit of a?
5
Let p = -2115 - -3316. Let f = -697 + p. Suppose 4*d - 356 = -3*a, a + 2*d + f = 5*a. What is the hundreds digit of a?
1
What is the units digit of -10198*(0 + 9/(-18))?
9
Suppose 3*p - 51 = 3*j, 0*p + 3*p - 5*j - 61 = 0. What is the hundreds digit of (-28)/(-8)*51*p/9?
2
Suppose 0 = 38*c + 4607 - 997. Let g(l) = 2*l**3 - l**2 + 5*l + 5. Let f be g(-4). Let s = c - f. What is the tens digit of s?
6
Let q = 2955 + -929. What is the units digit of q?
6
Let d = 43389 - 10813. What is the units digit of d?
6
What is the thousands digit of 23/((-1610)/(-602252))*1/2*5?
1
Let j(l) = -l**3 - 29*l**2 - 17*l + 89. Let m(w) = -w**3 - 30*w**2 - 18*w + 89. Let p(t) = 4*j(t) - 3*m(t). What is the tens digit of p(-26)?
5
What is the thousands digit of (432531/(-119) + -1)*-7?
5
Let b(d) = d**2 - 14*d + 323. What is the units digit of b(-70)?
3
Let c be ((5 - 0) + -1 + -1)/1. Suppose 2*g = -c*d + 843, -5*g + 1131 = 4*d - 0*d. What is the tens digit of d?
7
Let i(n) = 36*n + 35. Let g be i(10). Suppose -3*c + t = -g, -5*t - 13 + 678 = 5*c. What is the hundreds digit of c?
1
Suppose -32612 = -4*w - 3*a, w + 5*a = 4947 + 3223. What is the thousands digit of w?
8
Let f be ((-92)/10)/((-6)/(-60)). Let d = f - -34. Let z = d - -144. What is the units digit of z?
6
Let z(v) = -6*v - 25. Suppose 25 = -0*y - 5*y. Let x be z(y). Suppose 0 = -2*a - u + 208, a - 142 = -x*u - 29. What is the hundreds digit of a?
1
Let k(c) = 37*c**2 + 6*c - 1. Let n be k(-4). Let z be (-3 + (7 - -1))*1. Suppose 4*f + 1426 = 5*b, b = -b + z*f + n. What is the hundreds digit of b?
2
Suppose 5*j = -3133*o + 3134*o + 282419, 2*o = 12. What is the tens digit of j?
8
Let d = 362 + -216. Suppose -4*w = -34*w + 3660. Let x = d - w. What is the tens digit of x?
2
Suppose -10*o - 1 = -11*o. What is the hundreds digit of o*-6 - (-8680)/7?
2
Let k be ((-1716)/77)/(18/21 + -1). Suppose -5*z = -0*f - 4*f - k, -12 = 3*z. What is the hundreds digit of (-4)/(-22) - 5756/f?
1
Suppose 0*i + 42444 = y + 3*i, 2*y - i - 84930 = 0. What is the hundreds digit of y?
4
Suppose 22*j - 8 = o + 19*j, -4*o - 4*j = -32. Suppose -1954 = -o*s + 1422. What is the units digit of s?
4
Suppose -2*k + 23 = -3. Let f = 15 - k. Suppose 0 = -o + 4*l - f*l + 13, -o = 4*l - 7. What is the tens digit of o?
1
Let c = -1842 - 82. Let g = 3110 + c. What is the thousands digit of g?
1
Let d = 8434 + -5242. What is the tens digit of d?
9
Suppose 5*t - 51496 = -16*z + 10*z, 2*z - 3*t = 17156. What is the hundreds digit of z?
5
Let h = 289 + -287. What is the tens digit of (376/282)/((4/1509)/h)?
0
Let x be -2 + 1 + (1 - 0). Suppose 5*v - 3*i - 115 = x, -20*i = -v - 23*i + 5. What is the units digit of v?
0
Let c(z) = -z**3 - 8*z**2 + 6*z - 17. Let j be c(5). Let s = j - -320. What is the units digit of s?
8
Suppose -b + 0*b + 5 = f, -2*f = 3*b - 11. Suppose f*r - 48*r = -7348. What is the units digit of r?
7
Suppose 0 = 1994*l - 1931*l - 1299816. What is the ten thousands digit of l?
2
Let q = 1820 - 1800. What is the units digit of q?
0
Let f(h) = 29 + 9 + 6*h**2 + 17*h**2 - 60 + 5*h. What is the tens digit of f(4)?
6
Let y(q) = 4*q**2 + 11*q + 30. Let p(g) = -9*g**2 - 21*g - 58. Let j(o) = 2*p(o) + 5*y(o). What is the tens digit of j(22)?
8
Let z(h) = -12*h**3 - 23*h**2 + 10. Let o be z(-6). Suppose 0 = -8*f + 5558 - o. What is the tens digit of f?
7
Let d(x) = 3*x**3 - 3*x**2 + 2*x. Let m be d(1). Suppose 3*c + 3*z = 2064, 6*c + m*z = 5*c + 688. What is the hundreds digit of c?
6
Let q(s) = -5*s**3 + 4*s**2 + 2*s - 2. Let k = -6 + 8. Suppose 5*x + 16 = -k*z, 3*x - x + 3*z = -13. What is the units digit of q(x)?
0
Suppose 3871 = 8*c + 1391. Let m = 51 + -46. Suppose 5*g + q = c, -6*g + 5*q = -m*g - 62. What is the units digit of g?
2
Let t be 8 + (-5 - 2) + 1203. Let z = t + -361. What is the tens digit of z?
4
Let g = -27 + 30. Suppose -s + 57 = -4*k, 5*s + g*k + 29 - 245 = 0. Let x = s - 0. What is the units digit of x?
5
Suppose -6 + 14 = -2*h - 4*k, 28 = 3*h - 4*k. Suppose -3*i - 72 = -2*u, 44 = 2*u + 5*i + h. What is the tens digit of u - (1 + 3 + -2 + -3)?
3
Suppose 38*u = 132*u + 127703 - 2067957. What is the hundreds digit of u?
6
Suppose a = 4*g + 1986 + 1343, -2*a = -5*g - 6643. What is the hundreds digit of a?
3
Let s = 35 - 34. What is the tens digit of s*(0 - (-84 + -7))?
9
Suppose h + 0*s - 2*s = -5, 4*h + s = -11. What is the hundreds digit of 317 - (1 + h - -2)?
3
Suppose -298 = -2*q + 5*o, 2*q + 468 = 5*q + 3*o. Suppose 9*h + 8 = -q. What is the tens digit of 776/9 + h/81?
8
Suppose -8*i + 1122 = 2*p - 6*i, -2*p + 3*i + 1137 = 0. Suppose -2*l + p = -5*m, 3*l - 2*m = -6*m + 892. What is the units digit of l?
2
What is the tens digit of (-19798)/(-2) - (8 + 105/(-21))?
9
Let p = 123 - 121. Suppose -p*h = -19*h + 6120. What is the hundreds digit of h?
3
Let q be